) in base 13?
-c8
What is 0 (base 8) in base 11?
0
Convert -130 (base 6) to base 16.
-36
-1 (base 7) to base 14
-1
What is 5 (base 9) in base 12?
5
Convert -1 (base 16) to base 8.
-1
35 (base 6) to base 13
1a
32 (base 4) to base 15
e
100 (base 14) to base 6
524
111 (base 2) to base 9
7
Convert 7 (base 9) to base 11.
7
What is 43 (base 5) in base 7?
32
What is 7 (base 12) in base 13?
7
What is 2 (base 16) in base 14?
2
b (base 14) to base 4
23
-240 (base 10) to base 3
-22220
11202 (base 3) to base 14
92
Convert a8 (base 14) to base 5.
1043
58 (base 16) to base 6
224
3 (base 15) to base 6
3
121 (base 7) to base 14
48
-206 (base 13) to base 15
-17e
Convert -108 (base 15) to base 4.
-3221
Convert 1 (base 5) to base 13.
1
Convert 57 (base 12) to base 13.
52
What is -3 (base 14) in base 10?
-3
-21 (base 10) to base 9
-23
Convert -1 (base 4) to base 11.
-1
Convert 11000 (base 2) to base 7.
33
What is 143 (base 7) in base 4?
1100
4 (base 15) to base 16
4
-c (base 14) to base 2
-1100
Convert -8 (base 16) to base 6.
-12
Convert -26 (base 12) to base 15.
-20
b0 (base 12) to base 3
11220
What is 0 (base 6) in base 16?
0
Convert 1 (base 16) to base 9.
1
What is 4 (base 15) in base 16?
4
Convert -1 (base 5) to base 3.
-1
Convert -246 (base 10) to base 6.
-1050
-4 (base 13) to base 14
-4
What is -1011 (base 5) in base 10?
-131
Convert -144 (base 8) to base 5.
-400
What is -2 (base 8) in base 11?
-2
What is -1133 (base 5) in base 13?
-cc
What is -22 (base 7) in base 2?
-10000
What is -212 (base 5) in base 4?
-321
What is 3 (base 4) in base 8?
3
Convert 10000 (base 2) to base 5.
31
3 (base 13) to base 3
10
-30 (base 15) to base 9
-50
Convert 21 (base 6) to base 8.
15
-1001 (base 5) to base 6
-330
Convert -1011 (base 2) to base 6.
-15
5 (base 11) to base 8
5
Convert -4 (base 12) to base 2.
-100
-404 (base 9) to base 2
-101001000
Convert 5 (base 14) to base 10.
5
Convert -7 (base 16) to base 6.
-11
22 (base 3) to base 14
8
What is 67 (base 11) in base 2?
1001001
-87 (base 12) to base 8
-147
-214 (base 6) to base 14
-5c
-20 (base 10) to base 7
-26
Convert -4d (base 16) to base 8.
-115
2 (base 4) to base 13
2
Convert 5 (base 16) to base 7.
5
What is 11 (base 2) in base 14?
3
Convert -7 (base 9) to base 13.
-7
11111 (base 2) to base 16
1f
Convert -d (base 15) to base 6.
-21
0 (base 6) to base 16
0
Convert -9 (base 11) to base 13.
-9
Convert -5 (base 13) to base 16.
-5
What is 0 (base 11) in base 2?
0
ab (base 15) to base 12
115
10110 (base 2) to base 9
24
What is 11 (base 5) in base 8?
6
4 (base 15) to base 10
4
Convert 1 (base 11) to base 10.
1
Convert 10 (base 5) to base 12.
5
-2 (base 5) to base 8
-2
Convert 2 (base 9) to base 2.
10
What is 5 (base 8) in base 2?
101
What is 11 (base 4) in base 16?
5
-33 (base 7) to base 3
-220
-20 (base 5) to base 4
-22
What is 2 (base 11) in base 16?
2
-25 (base 9) to base 11
-21
Convert 18 (base 13) to base 11.
1a
-2 (base 9) to base 11
-2
-3 (base 4) to base 16
-3
42 (base 16) to base 4
1002
-1 (base 9) to base 15
-1
-3 (base 10) to base 5
-3
197 (base 10) to base 12
145
Convert 253 (base 7) to base 16.
88
-b (base 15) to base 9
-12
Convert -130 (base 5) to base 15.
-2a
Convert -111 (base 13) to base 9.
-223
Convert -232 (base 4) to base 5.
-141
Convert 64 (base 11) to base 12.
5a
-25 (base 9) to base 2
-10111
What is 2 (base 4) in base 9?
2
-8 (base 14) to base 11
-8
Convert -4 (base 10) to base 9.
-4
Convert -5 (base 14) to base 12.
-5
Convert -3 (base 6) to base 8.
-3
Convert 0 (base 7) to base 6.
0
What is -a (base 11) in base 9?
-11
a9 (base 13) to base 2
10001011
-557 (base 8) to base 14
-1c3
Convert 23 (base 15) to base 2.
100001
Convert 0 (base 10) to base 12.
0
What is -3 (base 7) in base 11?
-3
What is -2 (base 9) in base 16?
-2
Convert 55 (base 16) to base 3.
10011
-3 (base 14) to base 9
-3
Convert 2 (base 12) to base 9.
2
What is -6 (base 10) in base 4?
-12
-35 (base 8) to base 15
-1e
40 (base 6) to base 16
18
Convert 110 (base 5) to base 7.
42
What is -3 (base 4) in base 13?
-3
Convert -5a (base 13) to base 2.
-1001011
Convert 10010 (base 3) to base 15.
59
-62 (base 7) to base 10
-44
What is 20 (base 5) in base 8?
12
Convert 4 (base 12) to base 2.
100
Convert 5 (base 15) to base 7.
5
9 (base 13) to base 16
9
24 (base 11) to base 5
101
What is b0 (base 13) in base 15?
98
Convert -6 (base 16) to base 7.
-6
-6 (base 7) to base 5
-11
a (base 16) to base 7
13
-1 (base 3) to base 14
-1
What is -4 (base 5) in base 15?
-4
What is 0 (base 16) in base 5?
0
Convert 2 (base 15) to base 11.
2
What is 0 (base 4) in base 8?
0
Convert 300 (base 5) to base 14.
55
What is -3 (base 5) in base 7?
-3
Convert 1103 (base 4) to base 9.
102
What is 1 (base 5) in base 12?
1
Convert 15 (base 14) to base 3.
201
Convert -10 (base 7) to base 2.
-111
Convert 60 (base 8) to base 13.
39
Convert 4 (base 5) to base 13.
4
What is 0 (base 13) in base 15?
0
What is -1 (base 3) in base 2?
-1
What is -4 (base 13) in base 12?
-4
Convert -10 (base 4) to base 9.
-4
What is -10 (base 8) in base 16?
-8
Convert 1100 (base 2) to base 14.
c
0 (base 6) to base 8
0
What is -136 (base 7) in base 2?
-1001100
Convert -13 (base 14) to base 4.
-101
-2 (base 12) to base 15
-2
-13 (base 14) to base 15
-12
-3 (base 9) to base 4
-3
What is -1022 (base 4) in base 13?
-59
2 (base 11) to base 8
2
Convert -5 (base 11) to base 3.
-12
-111111 (base 2) to base 7
-120
144 (base 5) to base 8
61
Convert 0 (base 13) to base 5.
0
c (base 16) to base 5
22
What is 2 (base 13) in base 12?
2
41 (base 7) to base 9
32
What is -5 (base 8) in base 6?
-5
What is -24 (base 13) in base 4?
-132
-14 (base 13) to base 16
-11
-6 (base 13) to base 2
-110
Convert -1 (base 6) to base 10.
-1
-130 (base 4) to base 16
-1c
-10002 (base 3) to base 4
-1103
41 (base 5) to base 7
30
Convert 422 (base 6) to base 14.
b4
Convert -123 (base 6) to base 9.
-56
-220 (base 6) to base 11
-77
Convert 201 (base 3) to base 6.
31
-2 (base 6) to base 10
-2
Convert -3 (base 6) to base 14.
-3
What is -131 (base 6) in base 14?
-3d
1 (base 14) to base 12
1
-2 (base 8) to base 12
-2
What is -1101 (base 2) in base 8?
-15
What is 6a (base 14) in base 2?
1011110
What is -2 (base 10) in base 11?
-2
0 (base 12) to base 6
0
What is -13 (base 7) in base 15?
-a
Convert -1 (base 5) to base 3.
-1
What is 100010 (base 2) in base 15?
24
What is -3 (base 7) in base 6?
-3
Convert -21 (base 10) to base 4.
-111
What is 10 (base 6) in base 10?
6
What is 343 (base 8) in base 9?
272
Convert -2000 (base 3) to base 5.
-204
What is -421 (base 7) in base 4?
-3103
Convert -12102 (base 3) to base 9.
-172
Convert 2 (base 12) to base 16.
2
What is -48 (base 10) in base 16?
-30
-5 (base 15) to base 7
-5
Convert 60 (base 9) to base 13.
42
What is 82 (base 16) in base 14?
94
Convert 111000 (base 2) to base 12.
48
-1000110 (base 2) to base 7
-130
Convert -21 (base 4) to base 11.
-9
What is 2012 (base 5) in base 10?
257
3 (base 5) to base 2
11
What is 53 (base 9) in base 5?
143
What is 102 (base 3) in base 13?
b
What is -35 (base 10) in base 8?
-43
Convert -2 (base 12) to base 4.
-2
Convert -1 (base 12) to base 4.
-1
What is -7 (base 11) in base 8?
-7
What is -6 (base 15) in base 13?
-6
What is b (base 12) in base 14?
b
Convert -6 (base 8) to base 9.
-6
Convert 24 (base 14) to base 4.
200
-6 (base 15) to base 10
-6
What is -11 (base 2) in base 12?
-3
Convert 10 (base 5) to base 4.
11
What is 21 (base 6) in base 13?
10
e (base 15) to base 4
32
Convert -101 (base 2) to base 4.
-11
Convert 38 (base 13) to base 14.
35
What is 4 (base 9) in base 2?
100
What is -16 (base 9) in base 8?
-17
Convert 173 (base 8) to base 11.
102
Convert 12 (base 7) to base 2.
1001
-2 (base 12) to base 13
-2
What is -12 (base 5) in base 4?
-13
56 (base 15) to base 8
121
Convert -3 (base 10) to base 6.
-3
What is 0 (base 6) in base 13?
0
-86 (base 13) to base 4
-1232
What is -30 (base 11) in base 13?
-27
Convert 4 (base 8) to base 15.
4
Convert 0 (base 11) to base 5.
0
5 (base 11) to base 2
101
What is 213 (base 9) in base 15?
b9
-12 (base 5) to base 9
-7
What is -5 (base 9) in base 11?
-5
14 (base 5) to base 13
9
Convert -212 (base 3) to base 10.
-23
1 (base 8) to base 16
1
What is 101 (base 4) in base 15?
12
Convert -10 (base 6) to base 3.
-20
Convert -166 (base 9) to base 6.
-35